 divide 11905832?
False
Is 740309 a multiple of 9?
False
Does 11 divide 146803591?
True
Is 4945 a factor of 694123474?
False
Is 210323056 a multiple of 2023?
False
Does 46 divide 12435552?
False
Is 9495142 a multiple of 262?
True
Does 18 divide 6186573?
False
Is 470 a factor of 259498750?
True
Does 160 divide 266780309?
False
Is 134 a factor of 2906158789?
False
Is 191 a factor of 17560731?
True
Is 33861984 a multiple of 4128?
True
Is 192883139 a multiple of 3393?
False
Is 151116680 a multiple of 11?
True
Is 621583232 a multiple of 86?
True
Does 355 divide 148651635?
True
Does 2063 divide 36457336?
True
Is 570 a factor of 184055815?
False
Is 141109732 a multiple of 19?
True
Does 76 divide 1116528996?
True
Is 59998049 a multiple of 57?
False
Is 826838520 a multiple of 3?
True
Is 462 a factor of 8869476?
True
Is 72516555 a multiple of 45?
True
Does 26 divide 9093968?
True
Is 76 a factor of 412355784?
True
Is 3422104380 a multiple of 196?
False
Is 41 a factor of 2557949?
True
Does 37 divide 2369005?
False
Is 237 a factor of 55109601?
False
Is 10 a factor of 208197795?
False
Is 3936 a factor of 1399495968?
True
Does 109 divide 15894707?
True
Is 26084758 a multiple of 21?
False
Does 2581 divide 33294900?
True
Is 4 a factor of 213180540?
True
Does 8194 divide 849553920?
True
Does 4409 divide 169688812?
False
Is 85487772 a multiple of 12?
True
Does 4 divide 9374888?
True
Does 346 divide 18715964?
False
Does 654 divide 10572371?
False
Does 494 divide 4697446?
True
Is 1591961 a multiple of 371?
True
Is 278289060 a multiple of 60?
True
Does 10 divide 626643004?
False
Is 969 a factor of 107661714?
True
Is 30 a factor of 939631?
False
Does 293 divide 14914579?
True
Is 69 a factor of 2928384?
False
Is 13 a factor of 565744967?
False
Does 193 divide 11944737?
False
Does 270 divide 444656455?
False
Does 51 divide 209887083?
True
Is 2 a factor of 17916931?
False
Is 58590612 a multiple of 287?
False
Does 914 divide 4926819?
False
Is 483919657 a multiple of 4?
False
Is 488 a factor of 6726777?
False
Is 316680943 a multiple of 170?
False
Is 120 a factor of 376915478?
False
Is 26 a factor of 446696224?
True
Does 280 divide 6296355?
False
Is 7687884 a multiple of 12?
True
Is 58 a factor of 127665066?
False
Is 105 a factor of 4500980?
False
Does 10 divide 68559969?
False
Is 21 a factor of 67598216?
False
Does 273 divide 319044453?
True
Does 71 divide 1567764925?
False
Is 428523656 a multiple of 44?
True
Does 230 divide 30264647?
False
Is 127 a factor of 498604030?
False
Does 41 divide 310366933?
False
Is 2878586461 a multiple of 192?
False
Does 61 divide 24566347?
True
Is 213463667 a multiple of 59?
False
Is 724 a factor of 13651020?
True
Is 20 a factor of 14475900?
True
Does 491 divide 734260058?
True
Does 1990 divide 742641040?
False
Is 55622745 a multiple of 157?
True
Is 58 a factor of 5416504?
True
Is 34 a factor of 55975696?
True
Is 1315314223 a multiple of 47?
True
Is 126 a factor of 153158292?
True
Is 46830609 a multiple of 118?
False
Does 56 divide 646029?
False
Is 141644359 a multiple of 84?
False
Is 227160382 a multiple of 142?
True
Is 266 a factor of 474469911?
False
Is 512386705 a multiple of 104?
False
Is 376 a factor of 22069320?
True
Is 2787337 a multiple of 24?
False
Is 46 a factor of 48222720?
True
Is 139 a factor of 180556786?
False
Is 464 a factor of 120194560?
True
Is 129 a factor of 4043279?
False
Is 4555442693 a multiple of 101?
True
Is 89 a factor of 611903641?
False
Is 15 a factor of 34802160?
True
Does 470 divide 2696318090?
True
Does 123 divide 4420743?
True
Is 6515300484 a multiple of 4851?
True
Is 40 a factor of 323099640?
True
Does 93 divide 18693128?
False
Does 116 divide 40993003?
False
Does 562 divide 49078898?
True
Is 205 a factor of 735621368?
False
Does 13 divide 19494241?
True
Is 1082 a factor of 25505986?
True
Is 3000 a factor of 1083000?
True
Is 516 a factor of 10257048?
True
Is 35190908 a multiple of 758?
True
Is 1032 a factor of 35563752?
True
Does 753 divide 3069129357?
True
Does 34 divide 4119505?
False
Is 66 a factor of 135374580?
True
Is 326 a factor of 238113094?
False
Is 31 a factor of 1868050793?
True
Does 9 divide 245562453?
True
Does 555 divide 174043396?
False
Is 29341228 a multiple of 457?
True
Is 955335781 a multiple of 4447?
False
Does 24 divide 11823254?
False
Is 12 a factor of 117618653?
False
Is 557 a factor of 26580040?
True
Is 41 a factor of 3008092920?
True
Is 788 a factor of 5472443177?
False
Does 203 divide 22056829?
False
Is 3 a factor of 56711018?
False
Does 830 divide 538723120?
True
Is 112 a factor of 10893361?
False
Is 533829870 a multiple of 126?
True
Is 15 a factor of 21392145?
True
Does 25 divide 2043913875?
True
Is 266 a factor of 620249712?
False
Does 1377 divide 4863564?
True
Is 11 a factor of 62625164?
False
Is 63969348 a multiple of 943?
True
Is 10 a factor of 3206120?
True
Is 69 a factor of 23206011?
True
Does 3483 divide 661464257?
False
Is 838726107 a multiple of 12?
False
Is 2311 a factor of 30031445?
True
Is 767447601 a multiple of 1311?
True
Is 5448 a factor of 921284040?
True
Is 44 a factor of 36296219?
False
Does 3 divide 67034555?
False
Is 12719212 a multiple of 8?
False
Is 75 a factor of 50252850?
True
Does 27 divide 39395700?
True
Does 188 divide 102228948?
True
Does 41 divide 70177723?
False
Is 106 a factor of 12521462?
True
Is 1044818676 a multiple of 12?
True
Does 21 divide 3366447?
True
Is 28218834 a multiple of 54?
True
Is 23 a factor of 44694543?
True
Is 299633998 a multiple of 5516?
False
Is 179 a factor of 66927921?
True
Is 41475815 a multiple of 10?
False
Is 358235610 a multiple of 55?
False
Does 3 divide 49409519?
False
Is 725 a factor of 105229276?
False
Is 3040754 a multiple of 19?
False
Is 13 a factor of 3264864810?
False
Is 145331021 a multiple of 101?
True
Is 194188930 a multiple of 754?
True
Is 1332336552 a multiple of 296?
True
Is 56329160 a multiple of 5?
True
Does 478 divide 4024955502?
True
Does 140 divide 184569814?
False
Is 163841933 a multiple of 109?
True
Does 29 divide 1987179383?
True
Is 50516570 a multiple of 14?
False
Is 520169485 a multiple of 17?
True
Does 12 divide 521613276?
True
Does 2772 divide 208267120?
False
Does 101 divide 141255090?
False
Does 36 divide 196352657?
False
Is 15807143 a multiple of 4?
False
Is 195 a factor of 55464435?
True
Is 109275739 a multiple of 198?
False
Is 21 a factor of 79873518?
False
Does 8 divide 659358760?
True
Is 164 a factor of 5945820?
True
Is 791 a factor of 26790483?
False
Is 4122800086 a multiple of 6420?
False
Does 91 divide 78863279?
False
Does 7278 divide 220676821?
False
Is 551174064 a multiple of 24?
True
Is 127653868 a multiple of 2564?
True
Does 16 divide 74806638?
False
Is 323665128 a multiple of 24?
True
Is 480 a factor of 43732919?
False
Is 408 a factor of 9447240?
True
Is 1134225 a multiple of 639?
True
Does 8 divide 51227968?
True
Does 789 divide 245343482?
False
Does 228 divide 13321782?
False
Is 1784180988 a multiple of 3447?
True
Is 441 a factor of 26145269?
False
Is 693426798 a multiple of 9?
True
Is 105 a factor of 103154205?
True
Is 375852789 a multiple of 169?
True
Is 8519 a factor of 404431006?
True
Is 72943104 a multiple of 1536?
True
Is 148371252 a multiple of 92?
True
Does 4252 divide 1124169263?
False
Does 56 divide 417539436?
False
Does 6 divide 177037606?
False
Is 1957 a factor of 121919143?
True
Is 1196955 a multiple of 1191?
True
Is 470 a factor of 359554700?
True
Is 45 a factor of 95128290?
True
Is 47490534 a multiple of 1638?
True
Does 31 divide 13895897?
False
Does 3551 divide 198593831?
False
Is 170281021 a multiple of 23?
False
Does 85 divide 5895600?
True
Is 59 a factor of 20067604?
False
Does 72 divide 1568978280?
True
Is 1375 a factor of 4595250?
True
Does 21 divide 11559271?
False
Is 12 a factor of 426167196?
True
Does 325 divide 57550025?
True
Does 15 divide 212599245?
True
Is 25505220 a multiple of 20?
True
Does 3235 divide 404539985?
True
Does 2076 divide 1274664?
True
Is 549690322 a multiple of 39?
False
Is 21 a factor of 1939425445?
False
Is 584123886 a multiple of 243?
True
Does 6249 divide 490946436?
True
Is 245911053 a multiple of 57?
True
Is 3694144 a multiple of 293?
True
Does 5 divide 498019880?
True
Is 335918964 a multiple of 1461?
True
Is 40928064 a multipl